{"id":426,"date":"2023-09-22T10:54:33","date_gmt":"2023-09-22T08:54:33","guid":{"rendered":"https:\/\/domaine.ourania.fr\/wordpress\/?page_id=426"},"modified":"2025-05-28T14:43:55","modified_gmt":"2025-05-28T12:43:55","slug":"viens-feter-ton-anniversaire-a-la-ferme","status":"publish","type":"page","link":"https:\/\/domaine.ourania.fr\/wordpress\/viens-feter-ton-anniversaire-a-la-ferme\/","title":{"rendered":"Anniversaire \u00e0 la ferme"},"content":{"rendered":"\n<!DOCTYPE html>\n<html lang=\"fr\">\n<head>\n  <meta charset=\"UTF-8\">\n  <meta name=\"viewport\" content=\"width=device-width, initial-scale=1.0\">\n  <title>Anniversaires \u00e0 la Ferme<\/title>\n  <style>\n    body {\n      font-family: Arial, sans-serif;\n      margin: 0;\n      padding: 0;\n      background-color: #f8f8f8;\n      color: #333;\n    }\n    main {\n      max-width: 800px;\n      margin: 0 auto;\n      padding: 40px 20px;\n      text-align: center;\n    }\n    h1, h2 {\n      color: #4c7031;\n    }\n    .formule {\n      background: #e6f4ea;\n      padding: 15px;\n      border-left: 5px solid #4c7031;\n      margin: 20px 0;\n      text-align: left;\n    }\n    .important {\n      color: #c0392b;\n      font-weight: bold;\n    }\n  <\/style>\n<\/head>\n<body>\n  <main>\n    <h1>F\u00eater ton anniversaire \u00e0 la Ferme d\u2019Ourania<\/h1>\n    <p>Tu aimes les animaux, tu veux f\u00eater ton anniversaire avec tes copains\/copines ?<\/p>\n    <p>Tu peux venir le f\u00eater \u00e0 la <strong>Ferme d\u2019Ourania<\/strong> dans un cadre nature, entour\u00e9 des animaux.<\/p>\n    <h2>Organisation<\/h2>\n    <ul style=\"text-align: left;\">\n      <li><strong>Dur\u00e9e :<\/strong> 2h00<\/li>\n      <li><strong>Participants :<\/strong> Toi + 6 \u00e0 7 copains\/copines<\/li>\n      <li><strong>Accompagnants :<\/strong> La pr\u00e9sence d&rsquo;adultes est n\u00e9cessaire<\/li>\n    <\/ul>\n    <h2>Formules au choix<\/h2>\n    <div class=\"formule\">\n      <h3>Formule 1<\/h3>\n      <p>G\u00e2teau et boissons <strong>fournis par nos soins<\/strong><br>\n      <strong>Tarif :<\/strong> 10 \u20ac par enfant<\/p>\n    <\/div>\n    <div class=\"formule\">\n      <h3>Formule 2<\/h3>\n      <p>G\u00e2teau et boissons <strong>apport\u00e9s par tes parents<\/strong><br>\n      <strong>Tarif :<\/strong> 5 \u20ac par enfant<\/p>\n    <\/div>\n    <p class=\"important\">\ud83c\udf89 Nous t\u2019offrons ta place pour ton anniversaire ! \ud83c\udf89<\/p>\n  <\/main>\n<\/body>\n<\/html>\n\n\n\n<div class=\"wp-block-contact-form-7-contact-form-selector\"><div role=\"form\" class=\"wpcf7\" id=\"wpcf7-f742-o1\" lang=\"fr-FR\" dir=\"ltr\">\n<div class=\"screen-reader-response\"><p role=\"status\" aria-live=\"polite\" aria-atomic=\"true\"><\/p> <ul><\/ul><\/div>\n<form action=\"\/wordpress\/wp-json\/wp\/v2\/pages\/426#wpcf7-f742-o1\" method=\"post\" class=\"wpcf7-form init\" novalidate=\"novalidate\" data-status=\"init\">\n<div style=\"display: none;\">\n<input type=\"hidden\" name=\"_wpcf7\" value=\"742\" \/>\n<input type=\"hidden\" name=\"_wpcf7_version\" value=\"5.5.6.1\" \/>\n<input type=\"hidden\" name=\"_wpcf7_locale\" value=\"fr_FR\" \/>\n<input type=\"hidden\" name=\"_wpcf7_unit_tag\" value=\"wpcf7-f742-o1\" \/>\n<input type=\"hidden\" name=\"_wpcf7_container_post\" value=\"0\" \/>\n<input type=\"hidden\" name=\"_wpcf7_posted_data_hash\" value=\"\" \/>\n<\/div>\n<p><label> Votre nom<br \/>\n    <span class=\"wpcf7-form-control-wrap your-name\"><input type=\"text\" name=\"your-name\" value=\"\" size=\"40\" class=\"wpcf7-form-control wpcf7-text wpcf7-validates-as-required\" aria-required=\"true\" aria-invalid=\"false\" \/><\/span> <\/label><\/p>\n<p><label> Votre e-mail<br \/>\n    <span class=\"wpcf7-form-control-wrap your-email\"><input type=\"email\" name=\"your-email\" value=\"\" size=\"40\" class=\"wpcf7-form-control wpcf7-text wpcf7-email wpcf7-validates-as-required wpcf7-validates-as-email\" aria-required=\"true\" aria-invalid=\"false\" \/><\/span> <\/label><\/p>\n<p><label> T\u00e9l\u00e9phone<br \/>\n    <span class=\"wpcf7-form-control-wrap Telephone\"><input type=\"tel\" name=\"Telephone\" value=\"\" size=\"40\" class=\"wpcf7-form-control wpcf7-text wpcf7-tel wpcf7-validates-as-required wpcf7-validates-as-tel\" aria-required=\"true\" aria-invalid=\"false\" \/><\/span> <\/label><\/p>\n<p><label> Nombre d'enfants<br \/>\n<span class=\"wpcf7-form-control-wrap Nombredenfants\"><input type=\"number\" name=\"Nombredenfants\" value=\"\" class=\"wpcf7-form-control wpcf7-number wpcf7-validates-as-required wpcf7-validates-as-number\" max=\"8\" aria-required=\"true\" aria-invalid=\"false\" \/><\/span> <\/label><\/p>\n<p><label> Formule choisie<br \/>\n<span class=\"wpcf7-form-control-wrap Formulechoisie\"><span class=\"wpcf7-form-control wpcf7-checkbox wpcf7-validates-as-required\"><span class=\"wpcf7-list-item first\"><label><input type=\"checkbox\" name=\"Formulechoisie[]\" value=\"Formule 1\" \/><span class=\"wpcf7-list-item-label\">Formule 1<\/span><\/label><\/span><span class=\"wpcf7-list-item last\"><label><input type=\"checkbox\" name=\"Formulechoisie[]\" value=\"Formule 2\" \/><span class=\"wpcf7-list-item-label\">Formule 2<\/span><\/label><\/span><\/span><\/span> <\/label><\/p>\n<p><label> Votre message (Facultatif)<br \/>\n    <span class=\"wpcf7-form-control-wrap your-message\"><textarea name=\"your-message\" cols=\"40\" rows=\"10\" class=\"wpcf7-form-control wpcf7-textarea\" aria-invalid=\"false\"><\/textarea><\/span> <\/label><\/p>\n<p><input type=\"submit\" value=\"Envoyer\" class=\"wpcf7-form-control has-spinner wpcf7-submit\" \/><\/p>\n<div class=\"wpcf7-response-output\" aria-hidden=\"true\"><\/div><\/form><\/div><\/div>\n","protected":false},"excerpt":{"rendered":"<p>Anniversaires \u00e0 la Ferme F\u00eater ton anniversaire \u00e0 la Ferme d\u2019Ourania Tu aimes les animaux, tu veux f\u00eater ton anniversaire avec tes copains\/copines ? Tu peux venir le f\u00eater \u00e0 la Ferme d\u2019Ourania dans un cadre nature, entour\u00e9 des animaux. Organisation Dur\u00e9e : 2h00 Participants : Toi + 6 \u00e0 7 copains\/copines Accompagnants : La &hellip; <\/p>\n","protected":false},"author":2,"featured_media":0,"parent":0,"menu_order":0,"comment_status":"closed","ping_status":"closed","template":"","meta":[],"_links":{"self":[{"href":"https:\/\/domaine.ourania.fr\/wordpress\/wp-json\/wp\/v2\/pages\/426"}],"collection":[{"href":"https:\/\/domaine.ourania.fr\/wordpress\/wp-json\/wp\/v2\/pages"}],"about":[{"href":"https:\/\/domaine.ourania.fr\/wordpress\/wp-json\/wp\/v2\/types\/page"}],"author":[{"embeddable":true,"href":"https:\/\/domaine.ourania.fr\/wordpress\/wp-json\/wp\/v2\/users\/2"}],"replies":[{"embeddable":true,"href":"https:\/\/domaine.ourania.fr\/wordpress\/wp-json\/wp\/v2\/comments?post=426"}],"version-history":[{"count":10,"href":"https:\/\/domaine.ourania.fr\/wordpress\/wp-json\/wp\/v2\/pages\/426\/revisions"}],"predecessor-version":[{"id":743,"href":"https:\/\/domaine.ourania.fr\/wordpress\/wp-json\/wp\/v2\/pages\/426\/revisions\/743"}],"wp:attachment":[{"href":"https:\/\/domaine.ourania.fr\/wordpress\/wp-json\/wp\/v2\/media?parent=426"}],"curies":[{"name":"wp","href":"https:\/\/api.w.org\/{rel}","templated":true}]}}